[INFO] cloning repository https://github.com/bkolobara/lunatic_ny
[INFO] running `Command { std: "git" "-c" "credential.helper=" "-c" "credential.helper=/workspace/cargo-home/bin/git-credential-null" "clone" "--bare" "https://github.com/bkolobara/lunatic_ny" "/workspace/cache/git-repos/https%3A%2F%2Fgithub.com%2Fbkolobara%2Flunatic_ny", kill_on_drop: false }`
[INFO] [stderr] Cloning into bare repository '/workspace/cache/git-repos/https%3A%2F%2Fgithub.com%2Fbkolobara%2Flunatic_ny'...
[INFO] running `Command { std: "git" "rev-parse" "HEAD", kill_on_drop: false }`
[INFO] [stdout] 59128de862306416e39f96de72161121a6c288a7
[INFO] checking bkolobara/lunatic_ny against master#e6e4f7ed1589e03bc2f6c5931c1a72e7947e8682 for beta-170-4
[INFO] running `Command { std: "git" "clone" "/workspace/cache/git-repos/https%3A%2F%2Fgithub.com%2Fbkolobara%2Flunatic_ny" "/workspace/builds/worker-6-tc2/source", kill_on_drop: false }`
[INFO] [stderr] Cloning into '/workspace/builds/worker-6-tc2/source'...
[INFO] [stderr] done.
[INFO] validating manifest of git repo https://github.com/bkolobara/lunatic_ny on toolchain e6e4f7ed1589e03bc2f6c5931c1a72e7947e8682
[INFO] running `Command { std: CARGO_HOME="/workspace/cargo-home" RUSTUP_HOME="/workspace/rustup-home" "/workspace/cargo-home/bin/cargo" "+e6e4f7ed1589e03bc2f6c5931c1a72e7947e8682" "metadata" "--manifest-path" "Cargo.toml" "--no-deps", kill_on_drop: false }`
[INFO] started tweaking git repo https://github.com/bkolobara/lunatic_ny
[INFO] finished tweaking git repo https://github.com/bkolobara/lunatic_ny
[INFO] tweaked toml for git repo https://github.com/bkolobara/lunatic_ny written to /workspace/builds/worker-6-tc2/source/Cargo.toml
[INFO] crate git repo https://github.com/bkolobara/lunatic_ny already has a lockfile, it will not be regenerated
[INFO] running `Command { std: CARGO_HOME="/workspace/cargo-home" RUSTUP_HOME="/workspace/rustup-home" "/workspace/cargo-home/bin/cargo" "+e6e4f7ed1589e03bc2f6c5931c1a72e7947e8682" "fetch" "--manifest-path" "Cargo.toml", kill_on_drop: false }`
[INFO] running `Command { std: "docker" "create" "-v" "/var/lib/crater-agent-workspace/builds/worker-6-tc2/target:/opt/rustwide/target:rw,Z" "-v" "/var/lib/crater-agent-workspace/builds/worker-6-tc2/source:/opt/rustwide/workdir:ro,Z" "-v" "/var/lib/crater-agent-workspace/cargo-home:/opt/rustwide/cargo-home:ro,Z" "-v" "/var/lib/crater-agent-workspace/rustup-home:/opt/rustwide/rustup-home:ro,Z" "-e" "SOURCE_DIR=/opt/rustwide/workdir" "-e" "CARGO_TARGET_DIR=/opt/rustwide/target" "-e" "CARGO_HOME=/opt/rustwide/cargo-home" "-e" "RUSTUP_HOME=/opt/rustwide/rustup-home" "-w" "/opt/rustwide/workdir" "-m" "1610612736" "--user" "0:0" "--network" "none" "ghcr.io/rust-lang/crates-build-env/linux@sha256:19e73879b68f455e41552ea35293514db52ea292d993f571636dbffedb77a1ee" "/opt/rustwide/cargo-home/bin/cargo" "+e6e4f7ed1589e03bc2f6c5931c1a72e7947e8682" "metadata" "--no-deps" "--format-version=1", kill_on_drop: false }`
[INFO] [stdout] 93893549db72ab0e0023c9619fe63a9a1bb65c4410dafd6a5436cd94ba0367c1
[INFO] running `Command { std: "docker" "start" "-a" "93893549db72ab0e0023c9619fe63a9a1bb65c4410dafd6a5436cd94ba0367c1", kill_on_drop: false }`
[INFO] running `Command { std: "docker" "inspect" "93893549db72ab0e0023c9619fe63a9a1bb65c4410dafd6a5436cd94ba0367c1", kill_on_drop: false }`
[INFO] running `Command { std: "docker" "rm" "-f" "93893549db72ab0e0023c9619fe63a9a1bb65c4410dafd6a5436cd94ba0367c1", kill_on_drop: false }`
[INFO] [stdout] 93893549db72ab0e0023c9619fe63a9a1bb65c4410dafd6a5436cd94ba0367c1
[INFO] running `Command { std: "docker" "create" "-v" "/var/lib/crater-agent-workspace/builds/worker-6-tc2/target:/opt/rustwide/target:rw,Z" "-v" "/var/lib/crater-agent-workspace/builds/worker-6-tc2/source:/opt/rustwide/workdir:ro,Z" "-v" "/var/lib/crater-agent-workspace/cargo-home:/opt/rustwide/cargo-home:ro,Z" "-v" "/var/lib/crater-agent-workspace/rustup-home:/opt/rustwide/rustup-home:ro,Z" "-e" "SOURCE_DIR=/opt/rustwide/workdir" "-e" "CARGO_TARGET_DIR=/opt/rustwide/target" "-e" "CARGO_INCREMENTAL=0" "-e" "RUST_BACKTRACE=full" "-e" "RUSTFLAGS=--cap-lints=forbid" "-e" "RUSTDOCFLAGS=--cap-lints=forbid" "-e" "CARGO_HOME=/opt/rustwide/cargo-home" "-e" "RUSTUP_HOME=/opt/rustwide/rustup-home" "-w" "/opt/rustwide/workdir" "-m" "1610612736" "--user" "0:0" "--network" "none" "ghcr.io/rust-lang/crates-build-env/linux@sha256:19e73879b68f455e41552ea35293514db52ea292d993f571636dbffedb77a1ee" "/opt/rustwide/cargo-home/bin/cargo" "+e6e4f7ed1589e03bc2f6c5931c1a72e7947e8682" "check" "--frozen" "--all" "--all-targets" "--message-format=json", kill_on_drop: false }`
[INFO] [stdout] 94d2037b7a9f588837ceaf49c719446b2bca8706d7dc20c0e8c92d55be1b05a2
[INFO] running `Command { std: "docker" "start" "-a" "94d2037b7a9f588837ceaf49c719446b2bca8706d7dc20c0e8c92d55be1b05a2", kill_on_drop: false }`
[INFO] [stderr]    Compiling proc-macro2 v1.0.28
[INFO] [stderr]    Compiling libc v0.2.98
[INFO] [stderr]    Compiling syn v1.0.74
[INFO] [stderr]    Compiling semver v1.0.3
[INFO] [stderr]    Compiling anyhow v1.0.42
[INFO] [stderr]    Compiling indexmap v1.7.0
[INFO] [stderr]     Checking fallible-iterator v0.2.0
[INFO] [stderr]     Checking stable_deref_trait v1.2.0
[INFO] [stderr]    Compiling target-lexicon v0.12.1
[INFO] [stderr]     Checking rustc-hash v1.1.0
[INFO] [stderr]     Checking itertools v0.10.1
[INFO] [stderr]    Compiling crossbeam-utils v0.8.5
[INFO] [stderr]     Checking wasmparser v0.79.0
[INFO] [stderr]    Compiling unicode-segmentation v1.8.0
[INFO] [stderr]    Compiling crc32fast v1.2.1
[INFO] [stderr]     Checking leb128 v0.2.4
[INFO] [stderr]     Checking more-asserts v0.2.1
[INFO] [stderr]     Checking aho-corasick v0.7.18
[INFO] [stderr]     Checking linux-raw-sys v0.0.17
[INFO] [stderr]     Checking termcolor v1.1.2
[INFO] [stderr]    Compiling rayon v1.5.1
[INFO] [stderr]     Checking pin-project-lite v0.2.7
[INFO] [stderr]     Checking quick-error v1.2.3
[INFO] [stderr]     Checking rustc-demangle v0.1.20
[INFO] [stderr]    Compiling heck v0.3.3
[INFO] [stderr]    Compiling zstd-safe v4.1.1+zstd.1.5.0
[INFO] [stderr]     Checking ambient-authority v0.0.1
[INFO] [stderr]     Checking humantime v1.3.0
[INFO] [stderr]     Checking maybe-owned v0.3.4
[INFO] [stderr]    Compiling rustc_version v0.4.0
[INFO] [stderr]     Checking ipnet v2.3.1
[INFO] [stderr]     Checking crossbeam-epoch v0.9.5
[INFO] [stderr]     Checking crossbeam-channel v0.5.1
[INFO] [stderr]    Compiling wast v35.0.2
[INFO] [stderr]     Checking regex v1.5.4
[INFO] [stderr]    Compiling cpp_demangle v0.3.3
[INFO] [stderr]    Compiling wasmtime-cache v0.28.0 (https://github.com/bytecodealliance/wasmtime.git?branch=main#6f3adacb)
[INFO] [stderr]     Checking wast v36.0.0
[INFO] [stderr]    Compiling async-trait v0.1.50
[INFO] [stderr]    Compiling quote v1.0.9
[INFO] [stderr]     Checking crossbeam-deque v0.8.0
[INFO] [stderr]    Compiling proc-macro-error-attr v1.0.4
[INFO] [stderr]    Compiling io-lifetimes v0.2.0
[INFO] [stderr]    Compiling unsafe-io v0.7.1
[INFO] [stderr]    Compiling cap-primitives v0.16.3
[INFO] [stderr]    Compiling cap-std v0.16.3
[INFO] [stderr]     Checking tracing-core v0.1.18
[INFO] [stderr]    Compiling wasi-common v0.28.0 (https://github.com/bytecodealliance/wasmtime.git?branch=main#6f3adacb)
[INFO] [stderr]    Compiling cstr v0.2.8
[INFO] [stderr]    Compiling paste v1.0.5
[INFO] [stderr]     Checking unicode-width v0.1.8
[INFO] [stderr]    Compiling system-interface v0.8.0
[INFO] [stderr]    Compiling cap-fs-ext v0.16.3
[INFO] [stderr]    Compiling proc-macro-error v1.0.4
[INFO] [stderr]    Compiling futures-core v0.3.16
[INFO] [stderr]    Compiling tokio v1.9.0
[INFO] [stderr]     Checking getrandom v0.2.3
[INFO] [stderr]     Checking atty v0.2.14
[INFO] [stderr]     Checking num_cpus v1.13.0
[INFO] [stderr]     Checking region v2.2.0
[INFO] [stderr]     Checking env_logger v0.7.1
[INFO] [stderr]     Checking dirs-sys-next v0.1.2
[INFO] [stderr]     Checking rayon-core v1.9.1
[INFO] [stderr]     Checking rand_core v0.6.3
[INFO] [stderr]    Compiling jobserver v0.1.22
[INFO] [stderr]     Checking directories-next v2.0.0
[INFO] [stderr]     Checking errno v0.2.7
[INFO] [stderr]    Compiling dirs-next v2.0.0
[INFO] [stderr]     Checking file-per-thread-logger v0.1.4
[INFO] [stderr]     Checking rand_chacha v0.3.1
[INFO] [stderr]    Compiling futures-task v0.3.16
[INFO] [stderr]    Compiling cc v1.0.69
[INFO] [stderr]    Compiling shellexpand v2.1.0
[INFO] [stderr]     Checking mio v0.7.13
[INFO] [stderr]    Compiling cast v0.2.7
[INFO] [stderr]    Compiling num-traits v0.2.14
[INFO] [stderr]    Compiling futures-util v0.3.16
[INFO] [stderr]     Checking rand v0.8.4
[INFO] [stderr]    Compiling futures-channel v0.3.16
[INFO] [stderr]    Compiling wasmtime-wasi v0.28.0 (https://github.com/bytecodealliance/wasmtime.git?branch=main#6f3adacb)
[INFO] [stderr]     Checking futures-sink v0.3.16
[INFO] [stderr]     Checking textwrap v0.12.1
[INFO] [stderr]     Checking plotters-backend v0.3.2
[INFO] [stderr]     Checking regex-automata v0.1.10
[INFO] [stderr]     Checking vec_map v0.8.2
[INFO] [stderr]     Checking os_str_bytes v2.4.0
[INFO] [stderr]    Compiling cmake v0.1.45
[INFO] [stderr]     Checking env_logger v0.9.0
[INFO] [stderr]     Checking uuid v0.8.2
[INFO] [stderr]     Checking textwrap v0.11.0
[INFO] [stderr]     Checking plotters-svg v0.3.1
[INFO] [stderr]     Checking wasm-encoder v0.5.0
[INFO] [stderr]     Checking csv-core v0.1.10
[INFO] [stderr]     Checking futures-io v0.3.16
[INFO] [stderr]     Checking half v1.7.1
[INFO] [stderr]     Checking clap v2.33.3
[INFO] [stderr]     Checking criterion-plot v0.4.3
[INFO] [stderr]     Checking diff v0.1.12
[INFO] [stderr]     Checking ansi_term v0.12.1
[INFO] [stderr]     Checking oorandom v11.1.3
[INFO] [stderr]     Checking id-arena v2.2.1
[INFO] [stderr]     Checking cap-rand v0.16.3
[INFO] [stderr]     Checking wasmparser v0.77.0
[INFO] [stderr]     Checking stdlib v0.1.0 (/opt/rustwide/workdir/plugins/stdlib)
[INFO] [stderr]     Checking pretty_assertions v0.7.2
[INFO] [stderr]    Compiling zstd-sys v1.6.1+zstd.1.5.0
[INFO] [stderr]    Compiling wasmtime-fiber v0.28.0 (https://github.com/bytecodealliance/wasmtime.git?branch=main#6f3adacb)
[INFO] [stderr]    Compiling posish v0.16.4
[INFO] [stderr]    Compiling backtrace v0.3.60
[INFO] [stderr]    Compiling wasmtime-runtime v0.28.0 (https://github.com/bytecodealliance/wasmtime.git?branch=main#6f3adacb)
[INFO] [stderr]    Compiling psm v0.1.14
[INFO] [stderr]    Compiling wabt-sys v0.8.0
[INFO] [stderr]     Checking plotters v0.3.1
[INFO] [stdout] error: cannot find macro `asm` in this scope
[INFO] [stdout]   --> /opt/rustwide/cargo-home/registry/src/index.crates.io-6f17d22bba15001f/posish-0.16.4/src/imp/linux_raw/arch/inline/x86_64.rs:47:5
[INFO] [stdout]    |
[INFO] [stdout] 47 |     asm!(
[INFO] [stdout]    |     ^^^
[INFO] [stdout]    |
[INFO] [stdout]    = help: consider importing one of these items:
[INFO] [stdout]            std::arch::asm
[INFO] [stdout]            core::arch::asm
[INFO] [stdout] 
[INFO] [stdout] 
[INFO] [stdout] error: cannot find macro `asm` in this scope
[INFO] [stdout]  --> /opt/rustwide/cargo-home/registry/src/index.crates.io-6f17d22bba15001f/posish-0.16.4/src/imp/linux_raw/arch/inline/x86_64.rs:7:5
[INFO] [stdout]   |
[INFO] [stdout] 7 |     asm!(
[INFO] [stdout]   |     ^^^
[INFO] [stdout]   |
[INFO] [stdout]   = help: consider importing one of these items:
[INFO] [stdout]           std::arch::asm
[INFO] [stdout]           core::arch::asm
[INFO] [stdout] 
[INFO] [stdout] 
[INFO] [stdout] error: cannot find macro `asm` in this scope
[INFO] [stdout]   --> /opt/rustwide/cargo-home/registry/src/index.crates.io-6f17d22bba15001f/posish-0.16.4/src/imp/linux_raw/arch/inline/x86_64.rs:20:5
[INFO] [stdout]    |
[INFO] [stdout] 20 |     asm!(
[INFO] [stdout]    |     ^^^
[INFO] [stdout]    |
[INFO] [stdout]    = help: consider importing one of these items:
[INFO] [stdout]            std::arch::asm
[INFO] [stdout]            core::arch::asm
[INFO] [stdout] 
[INFO] [stdout] 
[INFO] [stdout] error: cannot find macro `asm` in this scope
[INFO] [stdout]   --> /opt/rustwide/cargo-home/registry/src/index.crates.io-6f17d22bba15001f/posish-0.16.4/src/imp/linux_raw/arch/inline/x86_64.rs:34:5
[INFO] [stdout]    |
[INFO] [stdout] 34 |     asm!(
[INFO] [stdout]    |     ^^^
[INFO] [stdout]    |
[INFO] [stdout]    = help: consider importing one of these items:
[INFO] [stdout]            std::arch::asm
[INFO] [stdout]            core::arch::asm
[INFO] [stdout] 
[INFO] [stdout] 
[INFO] [stdout] error: cannot find macro `asm` in this scope
[INFO] [stdout]   --> /opt/rustwide/cargo-home/registry/src/index.crates.io-6f17d22bba15001f/posish-0.16.4/src/imp/linux_raw/arch/inline/x86_64.rs:58:5
[INFO] [stdout]    |
[INFO] [stdout] 58 |     asm!(
[INFO] [stdout]    |     ^^^
[INFO] [stdout]    |
[INFO] [stdout]    = help: consider importing one of these items:
[INFO] [stdout]            std::arch::asm
[INFO] [stdout]            core::arch::asm
[INFO] [stdout] 
[INFO] [stdout] 
[INFO] [stdout] error: cannot find macro `asm` in this scope
[INFO] [stdout]   --> /opt/rustwide/cargo-home/registry/src/index.crates.io-6f17d22bba15001f/posish-0.16.4/src/imp/linux_raw/arch/inline/x86_64.rs:73:5
[INFO] [stdout]    |
[INFO] [stdout] 73 |     asm!(
[INFO] [stdout]    |     ^^^
[INFO] [stdout]    |
[INFO] [stdout]    = help: consider importing one of these items:
[INFO] [stdout]            std::arch::asm
[INFO] [stdout]            core::arch::asm
[INFO] [stdout] 
[INFO] [stdout] 
[INFO] [stdout] error: cannot find macro `asm` in this scope
[INFO] [stdout]   --> /opt/rustwide/cargo-home/registry/src/index.crates.io-6f17d22bba15001f/posish-0.16.4/src/imp/linux_raw/arch/inline/x86_64.rs:88:5
[INFO] [stdout]    |
[INFO] [stdout] 88 |     asm!(
[INFO] [stdout]    |     ^^^
[INFO] [stdout]    |
[INFO] [stdout]    = help: consider importing one of these items:
[INFO] [stdout]            std::arch::asm
[INFO] [stdout]            core::arch::asm
[INFO] [stdout] 
[INFO] [stdout] 
[INFO] [stdout] error: cannot find macro `asm` in this scope
[INFO] [stdout]    --> /opt/rustwide/cargo-home/registry/src/index.crates.io-6f17d22bba15001f/posish-0.16.4/src/imp/linux_raw/arch/inline/x86_64.rs:104:5
[INFO] [stdout]     |
[INFO] [stdout] 104 |     asm!(
[INFO] [stdout]     |     ^^^
[INFO] [stdout]     |
[INFO] [stdout]     = help: consider importing one of these items:
[INFO] [stdout]             std::arch::asm
[INFO] [stdout]             core::arch::asm
[INFO] [stdout] 
[INFO] [stdout] 
[INFO] [stdout] error: cannot find macro `asm` in this scope
[INFO] [stdout]    --> /opt/rustwide/cargo-home/registry/src/index.crates.io-6f17d22bba15001f/posish-0.16.4/src/imp/linux_raw/arch/inline/x86_64.rs:120:5
[INFO] [stdout]     |
[INFO] [stdout] 120 |     asm!(
[INFO] [stdout]     |     ^^^
[INFO] [stdout]     |
[INFO] [stdout]     = help: consider importing one of these items:
[INFO] [stdout]             std::arch::asm
[INFO] [stdout]             core::arch::asm
[INFO] [stdout] 
[INFO] [stdout] 
[INFO] [stdout] error: cannot find macro `asm` in this scope
[INFO] [stdout]    --> /opt/rustwide/cargo-home/registry/src/index.crates.io-6f17d22bba15001f/posish-0.16.4/src/imp/linux_raw/arch/inline/x86_64.rs:143:5
[INFO] [stdout]     |
[INFO] [stdout] 143 |     asm!(
[INFO] [stdout]     |     ^^^
[INFO] [stdout]     |
[INFO] [stdout]     = help: consider importing one of these items:
[INFO] [stdout]             std::arch::asm
[INFO] [stdout]             core::arch::asm
[INFO] [stdout] 
[INFO] [stdout] 
[INFO] [stdout] error: cannot find macro `asm` in this scope
[INFO] [stdout]    --> /opt/rustwide/cargo-home/registry/src/index.crates.io-6f17d22bba15001f/posish-0.16.4/src/imp/linux_raw/arch/inline/x86_64.rs:167:5
[INFO] [stdout]     |
[INFO] [stdout] 167 |     asm!(
[INFO] [stdout]     |     ^^^
[INFO] [stdout]     |
[INFO] [stdout]     = help: consider importing one of these items:
[INFO] [stdout]             std::arch::asm
[INFO] [stdout]             core::arch::asm
[INFO] [stdout] 
[INFO] [stdout] 
[INFO] [stdout] error: cannot find macro `asm` in this scope
[INFO] [stdout]    --> /opt/rustwide/cargo-home/registry/src/index.crates.io-6f17d22bba15001f/posish-0.16.4/src/imp/linux_raw/arch/inline/x86_64.rs:192:5
[INFO] [stdout]     |
[INFO] [stdout] 192 |     asm!(
[INFO] [stdout]     |     ^^^
[INFO] [stdout]     |
[INFO] [stdout]     = help: consider importing one of these items:
[INFO] [stdout]             std::arch::asm
[INFO] [stdout]             core::arch::asm
[INFO] [stdout] 
[INFO] [stdout] 
[INFO] [stdout] error: cannot find macro `asm` in this scope
[INFO] [stdout]    --> /opt/rustwide/cargo-home/registry/src/index.crates.io-6f17d22bba15001f/posish-0.16.4/src/imp/linux_raw/arch/inline/x86_64.rs:218:5
[INFO] [stdout]     |
[INFO] [stdout] 218 |     asm!(
[INFO] [stdout]     |     ^^^
[INFO] [stdout]     |
[INFO] [stdout]     = help: consider importing one of these items:
[INFO] [stdout]             std::arch::asm
[INFO] [stdout]             core::arch::asm
[INFO] [stdout] 
[INFO] [stdout] 
[INFO] [stdout] error: cannot find macro `asm` in this scope
[INFO] [stdout]    --> /opt/rustwide/cargo-home/registry/src/index.crates.io-6f17d22bba15001f/posish-0.16.4/src/imp/linux_raw/arch/inline/x86_64.rs:245:5
[INFO] [stdout]     |
[INFO] [stdout] 245 |     asm!(
[INFO] [stdout]     |     ^^^
[INFO] [stdout]     |
[INFO] [stdout]     = help: consider importing one of these items:
[INFO] [stdout]             std::arch::asm
[INFO] [stdout]             core::arch::asm
[INFO] [stdout] 
[INFO] [stdout] 
[INFO] [stdout] error: cannot find macro `asm` in this scope
[INFO] [stdout]    --> /opt/rustwide/cargo-home/registry/src/index.crates.io-6f17d22bba15001f/posish-0.16.4/src/imp/linux_raw/conv.rs:315:9
[INFO] [stdout]     |
[INFO] [stdout] 315 |         asm!("/*{0}*/", inlateout(reg) t, options(pure, nomem, preserves_flags));
[INFO] [stdout]     |         ^^^
[INFO] [stdout]     |
[INFO] [stdout]     = help: consider importing one of these items:
[INFO] [stdout]             std::arch::asm
[INFO] [stdout]             core::arch::asm
[INFO] [stdout] 
[INFO] [stdout] 
[INFO] [stderr]     Checking futures v0.3.16
[INFO] [stdout] error: aborting due to 15 previous errors
[INFO] [stdout] 
[INFO] [stdout] 
[INFO] [stderr] error: could not compile `posish` (lib) due to 16 previous errors
[INFO] [stderr] warning: build failed, waiting for other jobs to finish...
[INFO] [stderr] error: failed to run custom build command for `wabt-sys v0.8.0`
[INFO] [stderr] note: To improve backtraces for build dependencies, set the CARGO_PROFILE_DEV_BUILD_OVERRIDE_DEBUG=true environment variable to enable debug information generation.
[INFO] [stderr] 
[INFO] [stderr] Caused by:
[INFO] [stderr]   process didn't exit successfully: `/opt/rustwide/target/debug/build/wabt-sys-091731768b685651/build-script-build` (exit status: 101)
[INFO] [stderr]   --- stdout
[INFO] [stderr]   cargo:rerun-if-env-changed=WABT_CXXSTDLIB
[INFO] [stderr]   cargo:rerun-if-env-changed=CXXSTDLIB
[INFO] [stderr]   running: cd "/opt/rustwide/target/debug/build/wabt-sys-25517bbfc8dc162b/out/build" && CMAKE_PREFIX_PATH="" "cmake" "/opt/rustwide/cargo-home/registry/src/index.crates.io-6f17d22bba15001f/wabt-sys-0.8.0/wabt" "-DBUILD_TESTS=OFF" "-DBUILD_TOOLS=OFF" "-DCMAKE_INSTALL_PREFIX=/opt/rustwide/target/debug/build/wabt-sys-25517bbfc8dc162b/out" "-DCMAKE_C_FLAGS= -ffunction-sections -fdata-sections -fPIC -m64" "-DCMAKE_C_COMPILER=/usr/bin/cc" "-DCMAKE_CXX_FLAGS= -ffunction-sections -fdata-sections -fPIC -m64" "-DCMAKE_CXX_COMPILER=/usr/bin/c++" "-DCMAKE_ASM_FLAGS= -ffunction-sections -fdata-sections -fPIC -m64" "-DCMAKE_ASM_COMPILER=/usr/bin/cc" "-DCMAKE_BUILD_TYPE=Debug"
[INFO] [stderr]   -- The C compiler identification is GNU 11.3.0
[INFO] [stderr]   -- The CXX compiler identification is GNU 11.3.0
[INFO] [stderr]   -- Detecting C compiler ABI info
[INFO] [stderr]   -- Detecting C compiler ABI info - done
[INFO] [stderr]   -- Check for working C compiler: /usr/bin/cc - skipped
[INFO] [stderr]   -- Detecting C compile features
[INFO] [stderr]   -- Detecting C compile features - done
[INFO] [stderr]   -- Detecting CXX compiler ABI info
[INFO] [stderr]   -- Detecting CXX compiler ABI info - done
[INFO] [stderr]   -- Check for working CXX compiler: /usr/bin/c++ - skipped
[INFO] [stderr]   -- Detecting CXX compile features
[INFO] [stderr]   -- Detecting CXX compile features - done
[INFO] [stderr]   -- Looking for alloca.h
[INFO] [stderr]   -- Looking for alloca.h - found
[INFO] [stderr]   -- Looking for unistd.h
[INFO] [stderr]   -- Looking for unistd.h - found
[INFO] [stderr]   -- Looking for snprintf
[INFO] [stderr]   -- Looking for snprintf - found
[INFO] [stderr]   -- Looking for strcasecmp
[INFO] [stderr]   -- Looking for strcasecmp - found
[INFO] [stderr]   -- Looking for sys/types.h
[INFO] [stderr]   -- Looking for sys/types.h - found
[INFO] [stderr]   -- Looking for stdint.h
[INFO] [stderr]   -- Looking for stdint.h - found
[INFO] [stderr]   -- Looking for stddef.h
[INFO] [stderr]   -- Looking for stddef.h - found
[INFO] [stderr]   -- Check size of ssize_t
[INFO] [stderr]   -- Check size of ssize_t - done
[INFO] [stderr]   -- Check size of size_t
[INFO] [stderr]   -- Check size of size_t - done
[INFO] [stderr]   -- Found PythonInterp: /usr/bin/python3 (found suitable version "3.10.6", minimum required is "3.5") 
[INFO] [stderr]   -- Looking for pthread.h
[INFO] [stderr]   -- Looking for pthread.h - found
[INFO] [stderr]   -- Performing Test CMAKE_HAVE_LIBC_PTHREAD
[INFO] [stderr]   -- Performing Test CMAKE_HAVE_LIBC_PTHREAD - Success
[INFO] [stderr]   -- Found Threads: TRUE  
[INFO] [stderr]   -- Configuring done
[INFO] [stderr]   -- Generating done
[INFO] [stderr]   -- Build files have been written to: /opt/rustwide/target/debug/build/wabt-sys-25517bbfc8dc162b/out/build
[INFO] [stderr]   running: cd "/opt/rustwide/target/debug/build/wabt-sys-25517bbfc8dc162b/out/build" && MAKEFLAGS="-j --jobserver-fds=7,8 --jobserver-auth=7,8" "cmake" "--build" "." "--config" "Debug" "--"
[INFO] [stderr]   [  1%] Building CXX object CMakeFiles/wabt.dir/src/apply-names.cc.o
[INFO] [stderr]   [  2%] Building CXX object CMakeFiles/wabt.dir/src/binary.cc.o
[INFO] [stderr]   [  3%] Building CXX object CMakeFiles/wabt.dir/src/binary-reader.cc.o
[INFO] [stderr]   [  4%] Building CXX object CMakeFiles/wabt.dir/src/binary-reader-logging.cc.o
[INFO] [stderr]   [  5%] Building CXX object CMakeFiles/wabt.dir/src/binary-reader-ir.cc.o
[INFO] [stderr]   [  6%] Building CXX object CMakeFiles/wabt.dir/src/binary-writer.cc.o
[INFO] [stderr]   [  7%] Building CXX object CMakeFiles/wabt.dir/src/binary-writer-spec.cc.o
[INFO] [stderr]   [  8%] Building CXX object CMakeFiles/wabt.dir/src/binding-hash.cc.o
[INFO] [stderr]   [ 10%] Building CXX object CMakeFiles/wabt.dir/src/color.cc.o
[INFO] [stderr]   [ 11%] Building CXX object CMakeFiles/wabt.dir/src/common.cc.o
[INFO] [stderr]   [ 12%] Building CXX object CMakeFiles/wabt.dir/src/config.cc.o
[INFO] [stderr]   [ 13%] Building CXX object CMakeFiles/wabt.dir/src/decompiler.cc.o
[INFO] [stderr]   [ 14%] Building CXX object CMakeFiles/wabt.dir/src/error-formatter.cc.o
[INFO] [stderr]   [ 15%] Building CXX object CMakeFiles/wabt.dir/src/expr-visitor.cc.o
[INFO] [stderr]   [ 16%] Building CXX object CMakeFiles/wabt.dir/src/feature.cc.o
[INFO] [stderr]   [ 17%] Building CXX object CMakeFiles/wabt.dir/src/filenames.cc.o
[INFO] [stderr]   [ 19%] Building CXX object CMakeFiles/wabt.dir/src/generate-names.cc.o
[INFO] [stderr]   [ 20%] Building CXX object CMakeFiles/wabt.dir/src/hash-util.cc.o
[INFO] [stderr]   [ 21%] Building CXX object CMakeFiles/wabt.dir/src/ir.cc.o
[INFO] [stderr]   [ 22%] Building CXX object CMakeFiles/wabt.dir/src/ir-util.cc.o
[INFO] [stderr]   [ 23%] Building CXX object CMakeFiles/wabt.dir/src/leb128.cc.o
[INFO] [stderr]   [ 24%] Building CXX object CMakeFiles/wabt.dir/src/lexer-source.cc.o
[INFO] [stderr]   [ 25%] Building CXX object CMakeFiles/wabt.dir/src/lexer-source-line-finder.cc.o
[INFO] [stderr]   [ 26%] Building CXX object CMakeFiles/wabt.dir/src/literal.cc.o
[INFO] [stderr]   [ 28%] Building CXX object CMakeFiles/wabt.dir/src/opcode.cc.o
[INFO] [stderr]   [ 29%] Building C object CMakeFiles/wabt.dir/src/opcode-code-table.c.o
[INFO] [stderr]   [ 30%] Building CXX object CMakeFiles/wabt.dir/src/option-parser.cc.o
[INFO] [stderr]   [ 31%] Building CXX object CMakeFiles/wabt.dir/src/resolve-names.cc.o
[INFO] [stderr]   [ 32%] Building CXX object CMakeFiles/wabt.dir/src/shared-validator.cc.o
[INFO] [stderr]   [ 33%] Building CXX object CMakeFiles/wabt.dir/src/stream.cc.o
[INFO] [stderr]   [ 34%] Building CXX object CMakeFiles/wabt.dir/src/string-view.cc.o
[INFO] [stderr]   [ 35%] Building CXX object CMakeFiles/wabt.dir/src/token.cc.o
[INFO] [stderr]   [ 37%] Building CXX object CMakeFiles/wabt.dir/src/tracing.cc.o
[INFO] [stderr]   [ 38%] Building CXX object CMakeFiles/wabt.dir/src/type-checker.cc.o
[INFO] [stderr]   [ 39%] Building CXX object CMakeFiles/wabt.dir/src/utf8.cc.o
[INFO] [stderr]   [ 40%] Building CXX object CMakeFiles/wabt.dir/src/validator.cc.o
[INFO] [stderr]   [ 41%] Building CXX object CMakeFiles/wabt.dir/src/wast-lexer.cc.o
[INFO] [stderr]   [ 42%] Building CXX object CMakeFiles/wabt.dir/src/wast-parser.cc.o
[INFO] [stderr]   [ 43%] Building CXX object CMakeFiles/wabt.dir/src/wat-writer.cc.o
[INFO] [stderr]   [ 44%] Building CXX object CMakeFiles/wabt.dir/src/interp/binary-reader-interp.cc.o
[INFO] [stderr]   [ 46%] Building CXX object CMakeFiles/wabt.dir/src/interp/interp.cc.o
[INFO] [stderr]   [ 47%] Building CXX object CMakeFiles/wabt.dir/src/interp/interp-util.cc.o
[INFO] [stderr]   [ 48%] Building CXX object CMakeFiles/wabt.dir/src/interp/istream.cc.o
[INFO] [stderr] 
[INFO] [stderr]   --- stderr
[INFO] [stderr]   CMake Warning (dev) at CMakeLists.txt:325 (add_library):
[INFO] [stderr]     Policy CMP0115 is not set: Source file extensions must be explicit.  Run
[INFO] [stderr]     "cmake --help-policy CMP0115" for policy details.  Use the cmake_policy
[INFO] [stderr]     command to set the policy and suppress this warning.
[INFO] [stderr] 
[INFO] [stderr]     File:
[INFO] [stderr] 
[INFO] [stderr]       /opt/rustwide/cargo-home/registry/src/index.crates.io-6f17d22bba15001f/wabt-sys-0.8.0/wabt/src/config.h.in
[INFO] [stderr]   This warning is for project developers.  Use -Wno-dev to suppress it.
[INFO] [stderr] 
[INFO] [stderr]   CMake Warning:
[INFO] [stderr]     Manually-specified variables were not used by the project:
[INFO] [stderr] 
[INFO] [stderr]       CMAKE_ASM_COMPILER
[INFO] [stderr]       CMAKE_ASM_FLAGS
[INFO] [stderr] 
[INFO] [stderr] 
[INFO] [stderr]   c++: fatal error: Killed signal terminated program cc1plus
[INFO] [stderr]   compilation terminated.
[INFO] [stderr]   gmake[2]: *** [CMakeFiles/wabt.dir/build.make:118: CMakeFiles/wabt.dir/src/binary-reader-ir.cc.o] Error 1
[INFO] [stderr]   gmake[2]: *** Waiting for unfinished jobs....
[INFO] [stderr]   gmake[1]: *** [CMakeFiles/Makefile2:112: CMakeFiles/wabt.dir/all] Error 2
[INFO] [stderr]   gmake: *** [Makefile:91: all] Error 2
[INFO] [stderr]   thread 'main' panicked at '
[INFO] [stderr]   command did not execute successfully, got: exit status: 2
[INFO] [stderr] 
[INFO] [stderr]   build script failed, must exit now', /opt/rustwide/cargo-home/registry/src/index.crates.io-6f17d22bba15001f/cmake-0.1.45/src/lib.rs:894:5
[INFO] [stderr]   stack backtrace:
[INFO] [stderr]      0:     0x558e2f615ca1 - std::backtrace_rs::backtrace::libunwind::trace::ha9d9de1bf4176bfa
[INFO] [stderr]                                  at /rustc/e6e4f7ed1589e03bc2f6c5931c1a72e7947e8682/library/std/src/../../backtrace/src/backtrace/libunwind.rs:93:5
[INFO] [stderr]      1:     0x558e2f615ca1 - std::backtrace_rs::backtrace::trace_unsynchronized::h165c36ef694ada1c
[INFO] [stderr]                                  at /rustc/e6e4f7ed1589e03bc2f6c5931c1a72e7947e8682/library/std/src/../../backtrace/src/backtrace/mod.rs:66:5
[INFO] [stderr]      2:     0x558e2f615ca1 - std::sys_common::backtrace::_print_fmt::h4d89c7ce1e89b43d
[INFO] [stderr]                                  at /rustc/e6e4f7ed1589e03bc2f6c5931c1a72e7947e8682/library/std/src/sys_common/backtrace.rs:65:5
[INFO] [stderr]      3:     0x558e2f615ca1 - <std::sys_common::backtrace::_print::DisplayBacktrace as core::fmt::Display>::fmt::hfc68e8a2f3b7b37c
[INFO] [stderr]                                  at /rustc/e6e4f7ed1589e03bc2f6c5931c1a72e7947e8682/library/std/src/sys_common/backtrace.rs:44:22
[INFO] [stderr]      4:     0x558e2f63963f - core::fmt::rt::Argument::fmt::hc7dd5538f3de21b7
[INFO] [stderr]                                  at /rustc/e6e4f7ed1589e03bc2f6c5931c1a72e7947e8682/library/core/src/fmt/rt.rs:138:9
[INFO] [stderr]      5:     0x558e2f63963f - core::fmt::write::hac9705ca9b43c249
[INFO] [stderr]                                  at /rustc/e6e4f7ed1589e03bc2f6c5931c1a72e7947e8682/library/core/src/fmt/mod.rs:1094:21
[INFO] [stderr]      6:     0x558e2f612891 - std::io::Write::write_fmt::h7bc9466b47d6774b
[INFO] [stderr]                                  at /rustc/e6e4f7ed1589e03bc2f6c5931c1a72e7947e8682/library/std/src/io/mod.rs:1713:15
[INFO] [stderr]      7:     0x558e2f615ab5 - std::sys_common::backtrace::_print::h03072469d8150f3e
[INFO] [stderr]                                  at /rustc/e6e4f7ed1589e03bc2f6c5931c1a72e7947e8682/library/std/src/sys_common/backtrace.rs:47:5
[INFO] [stderr]      8:     0x558e2f615ab5 - std::sys_common::backtrace::print::hd0f67791f02b87ae
[INFO] [stderr]                                  at /rustc/e6e4f7ed1589e03bc2f6c5931c1a72e7947e8682/library/std/src/sys_common/backtrace.rs:34:9
[INFO] [stderr]      9:     0x558e2f617827 - std::panicking::default_hook::{{closure}}::h7c8ccb2c703d1528
[INFO] [stderr]     10:     0x558e2f617614 - std::panicking::default_hook::h770c31d58b53801e
[INFO] [stderr]                                  at /rustc/e6e4f7ed1589e03bc2f6c5931c1a72e7947e8682/library/std/src/panicking.rs:288:9
[INFO] [stderr]     11:     0x558e2f617cdc - std::panicking::rust_panic_with_hook::hb50e58c42f5187f2
[INFO] [stderr]                                  at /rustc/e6e4f7ed1589e03bc2f6c5931c1a72e7947e8682/library/std/src/panicking.rs:705:13
[INFO] [stderr]     12:     0x558e2f617bd7 - std::panicking::begin_panic_handler::{{closure}}::h4d6093b91efbd52e
[INFO] [stderr]                                  at /rustc/e6e4f7ed1589e03bc2f6c5931c1a72e7947e8682/library/std/src/panicking.rs:597:13
[INFO] [stderr]     13:     0x558e2f6160d6 - std::sys_common::backtrace::__rust_end_short_backtrace::h318963d1ef4510cb
[INFO] [stderr]                                  at /rustc/e6e4f7ed1589e03bc2f6c5931c1a72e7947e8682/library/std/src/sys_common/backtrace.rs:151:18
[INFO] [stderr]     14:     0x558e2f617922 - rust_begin_unwind
[INFO] [stderr]                                  at /rustc/e6e4f7ed1589e03bc2f6c5931c1a72e7947e8682/library/std/src/panicking.rs:593:5
[INFO] [stderr]     15:     0x558e2f58f863 - core::panicking::panic_fmt::h6ce9f4b93775846b
[INFO] [stderr]                                  at /rustc/e6e4f7ed1589e03bc2f6c5931c1a72e7947e8682/library/core/src/panicking.rs:67:14
[INFO] [stderr]     16:     0x558e2f5999b1 - cmake::fail::hcd6f947c5c6add5b
[INFO] [stderr]     17:     0x558e2f5990b5 - cmake::run::h6a3d7325b11e03aa
[INFO] [stderr]     18:     0x558e2f596cb2 - cmake::Config::build::h2563711b25a90beb
[INFO] [stderr]     19:     0x558e2f590d00 - build_script_build::main::h6370a452d40a7cc7
[INFO] [stderr]     20:     0x558e2f5924c3 - core::ops::function::FnOnce::call_once::h8412ab72f1e27dc1
[INFO] [stderr]     21:     0x558e2f590206 - std::sys_common::backtrace::__rust_begin_short_backtrace::h596814c95fcf7957
[INFO] [stderr]     22:     0x558e2f592899 - std::rt::lang_start::{{closure}}::he4a2d5fb35df4b1e
[INFO] [stderr]     23:     0x558e2f60e4b5 - core::ops::function::impls::<impl core::ops::function::FnOnce<A> for &F>::call_once::hb332f02ff9fc81e2
[INFO] [stderr]                                  at /rustc/e6e4f7ed1589e03bc2f6c5931c1a72e7947e8682/library/core/src/ops/function.rs:284:13
[INFO] [stderr]     24:     0x558e2f60e4b5 - std::panicking::try::do_call::hed879afea606d968
[INFO] [stderr]                                  at /rustc/e6e4f7ed1589e03bc2f6c5931c1a72e7947e8682/library/std/src/panicking.rs:500:40
[INFO] [stderr]     25:     0x558e2f60e4b5 - std::panicking::try::h395a878f3e4bd2f0
[INFO] [stderr]                                  at /rustc/e6e4f7ed1589e03bc2f6c5931c1a72e7947e8682/library/std/src/panicking.rs:464:19
[INFO] [stderr]     26:     0x558e2f60e4b5 - std::panic::catch_unwind::hb44b6ea043448d57
[INFO] [stderr]                                  at /rustc/e6e4f7ed1589e03bc2f6c5931c1a72e7947e8682/library/std/src/panic.rs:142:14
[INFO] [stderr]     27:     0x558e2f60e4b5 - std::rt::lang_start_internal::{{closure}}::h6184ba9e5b3e5fbf
[INFO] [stderr]                                  at /rustc/e6e4f7ed1589e03bc2f6c5931c1a72e7947e8682/library/std/src/rt.rs:148:48
[INFO] [stderr]     28:     0x558e2f60e4b5 - std::panicking::try::do_call::h8b2c97d4d3608274
[INFO] [stderr]                                  at /rustc/e6e4f7ed1589e03bc2f6c5931c1a72e7947e8682/library/std/src/panicking.rs:500:40
[INFO] [stderr]     29:     0x558e2f60e4b5 - std::panicking::try::hfa4cc536e097f1fe
[INFO] [stderr]                                  at /rustc/e6e4f7ed1589e03bc2f6c5931c1a72e7947e8682/library/std/src/panicking.rs:464:19
[INFO] [stderr]     30:     0x558e2f60e4b5 - std::panic::catch_unwind::ha3e2192625bb4844
[INFO] [stderr]                                  at /rustc/e6e4f7ed1589e03bc2f6c5931c1a72e7947e8682/library/std/src/panic.rs:142:14
[INFO] [stderr]     31:     0x558e2f60e4b5 - std::rt::lang_start_internal::hbd6687884d030770
[INFO] [stderr]                                  at /rustc/e6e4f7ed1589e03bc2f6c5931c1a72e7947e8682/library/std/src/rt.rs:148:20
[INFO] [stderr]     32:     0x558e2f592877 - std::rt::lang_start::hb2674288658a62d9
[INFO] [stderr]     33:     0x558e2f591b05 - main
[INFO] [stderr]     34:     0x7f4cf71abd90 - <unknown>
[INFO] [stderr]     35:     0x7f4cf71abe40 - __libc_start_main
[INFO] [stderr]     36:     0x558e2f58ff05 - _start
[INFO] [stderr]     37:                0x0 - <unknown>
[INFO] running `Command { std: "docker" "inspect" "94d2037b7a9f588837ceaf49c719446b2bca8706d7dc20c0e8c92d55be1b05a2", kill_on_drop: false }`
[INFO] running `Command { std: "docker" "rm" "-f" "94d2037b7a9f588837ceaf49c719446b2bca8706d7dc20c0e8c92d55be1b05a2", kill_on_drop: false }`
[INFO] [stdout] 94d2037b7a9f588837ceaf49c719446b2bca8706d7dc20c0e8c92d55be1b05a2
